- 31?
-40
In base 15, what is 5c6 + -c?
5b9
In base 7, what is 120 + 11?
131
In base 9, what is -11 - 15?
-26
In base 7, what is 2244 - 4?
2240
In base 14, what is b - -65?
72
In base 16, what is 136 - -1?
137
In base 10, what is -10 - -10?
0
In base 2, what is 1 + 111000110110?
111000110111
In base 8, what is 334 - 3?
331
In base 10, what is 0 + -741?
-741
In base 10, what is 174 - -2?
176
In base 4, what is -23 + 120?
31
In base 7, what is 2 + 32?
34
In base 14, what is c + 9c?
aa
In base 8, what is -270 - 4?
-274
In base 8, what is 3 + -375?
-372
In base 12, what is -6 - -49?
43
In base 2, what is -100000 - -1010001010?
1001101010
In base 11, what is -90 + -1?
-91
In base 2, what is -10100101 - -11100?
-10001001
In base 10, what is 249 + -2?
247
In base 12, what is 9 - 305?
-2b8
In base 8, what is 41 - -7?
50
In base 2, what is -100 - 100011100?
-100100000
In base 2, what is 111 + 1010010?
1011001
In base 11, what is -70 - 249?
-309
In base 7, what is -22054 + -2?
-22056
In base 3, what is -121 + -2211?
-10102
In base 11, what is -54 - -1?
-53
In base 5, what is 14 - -3?
22
In base 8, what is -7 - 1145?
-1154
In base 4, what is 210222 - 0?
210222
In base 3, what is -110111 + 101?
-110010
In base 7, what is -21 + -1361?
-1412
In base 5, what is -1 - 13323?
-13324
In base 16, what is 3 - 2476?
-2473
In base 16, what is -a + 28b?
281
In base 9, what is 684 - 6?
677
In base 3, what is 1001 - -10102?
11110
In base 16, what is 1db - 4?
1d7
In base 2, what is 111011 - 10?
111001
In base 13, what is 5 - -7c8?
800
In base 3, what is 200200 - -2?
200202
In base 15, what is -22 - 34?
-56
In base 11, what is -2 - -137?
135
In base 12, what is 0 - -321?
321
In base 11, what is 53 - 210?
-168
In base 16, what is 4 + a?
e
In base 15, what is 2 - -129?
12b
In base 16, what is -665 - -5?
-660
In base 5, what is -11313 - 2?
-11320
In base 13, what is -3 - -12?
c
In base 7, what is -2 + 226?
224
In base 5, what is -1011 - 4?
-1020
In base 3, what is 12 + -120111?
-120022
In base 16, what is -9 - 3e?
-47
In base 8, what is 310 + 26?
336
In base 15, what is 0 + -5d?
-5d
In base 8, what is -73757 + -5?
-73764
In base 13, what is -57 + 1?
-56
In base 12, what is -399 + -6?
-3a3
In base 3, what is 10 - 21122222?
-21122212
In base 5, what is -13 - -12?
-1
In base 4, what is -10120 - -3?
-10111
In base 11, what is -1a5 - -70?
-135
In base 9, what is -1 + -7336?
-7337
In base 2, what is -1100001101010100 - 101?
-1100001101011001
In base 11, what is -36 + -82?
-108
In base 4, what is -122 - 120?
-302
In base 10, what is 4 - -1453?
1457
In base 8, what is -5 + 2015?
2010
In base 16, what is -5 + -1f?
-24
In base 11, what is 3 - 32a?
-327
In base 9, what is 141 + 8?
150
In base 14, what is 1208 - -2?
120a
In base 16, what is -10 + 16?
6
In base 12, what is b - -400?
40b
In base 15, what is -73 - 3?
-76
In base 13, what is 3 + 1723?
1726
In base 4, what is -132 - -2?
-130
In base 12, what is -43 + 94?
51
In base 7, what is -1045 + -13?
-1061
In base 10, what is 4 - 220?
-216
In base 10, what is -14 + -6?
-20
In base 9, what is -158 + -1?
-160
In base 8, what is 25 - 17?
6
In base 13, what is -4 - 4?
-8
In base 2, what is -101 + 10001011?
10000110
In base 16, what is 82 - 3?
7f
In base 7, what is -4 - 1631?
-1635
In base 7, what is -12 - -265?
253
In base 12, what is 209 - -5?
212
In base 12, what is 1 - -118?
119
In base 2, what is 1000111 - -10101?
1011100
In base 5, what is 1 + -110?
-104
In base 4, what is -2 - -2031?
2023
In base 5, what is -44 - -24?
-20
In base 15, what is 24 + 64?
88
In base 15, what is -3 - 60?
-63
In base 4, what is 102 - 0?
102
In base 4, what is 1 + -101?
-100
In base 13, what is 4 + -11?
-a
In base 12, what is -15 + -b6?
-10b
In base 3, what is 2 - 20012?
-20010
In base 11, what is -6 + 35?
2a
In base 12, what is 47 - -2?
49
In base 6, what is -11053 + 4?
-11045
In base 7, what is 1 + -331?
-330
In base 4, what is -10 + -11001?
-11011
In base 15, what is 160 - -2?
162
In base 3, what is 1 + 12012?
12020
In base 4, what is 203 + -11110?
-10301
In base 2, what is -10000110 - 0?
-10000110
In base 9, what is -2 - -553?
551
In base 10, what is -40 + 2?
-38
In base 13, what is 5 + -b3?
-ab
In base 2, what is 11110101 - -1?
11110110
In base 11, what is -28 - -3?
-25
In base 13, what is -1c8 + 1?
-1c7
In base 13, what is -19 + 6?
-13
In base 14, what is -1426c + 0?
-1426c
In base 2, what is 100101011110101 - 101?
100101011110000
In base 6, what is -130 - 15?
-145
In base 11, what is -1 - 124?
-125
In base 15, what is -4 - -260?
25b
In base 6, what is 2103 + -5?
2054
In base 13, what is -2 - 2c?
-31
In base 13, what is 612 - 12?
600
In base 4, what is -3 + -12?
-21
In base 2, what is -1110000 - -101?
-1101011
In base 4, what is 3 - -3113?
3122
In base 10, what is 0 + 63?
63
In base 7, what is -4 - 5615?
-5622
In base 16, what is -f - -f4?
e5
In base 2, what is -101 + -101000?
-101101
In base 3, what is 10 - 10110222?
-10110212
In base 2, what is -11 - 101100100110?
-101100101001
In base 14, what is -1 - -2a?
29
In base 12, what is -154 - 0?
-154
In base 6, what is -24104 - -1?
-24103
In base 6, what is -5 + -1155?
-1204
In base 10, what is -12 - 1?
-13
In base 7, what is -1 + 114?
113
In base 7, what is 11165 + -6?
11156
In base 15, what is -3 - 43?
-46
In base 12, what is -2 - -a4?
a2
In base 16, what is 4 + 1004?
1008
In base 7, what is -2655 + -5?
-2663
In base 3, what is -201000 - 12?
-201012
In base 5, what is 203 - 112?
41
In base 12, what is 1659 + 3?
1660
In base 4, what is -2220 + 223?
-1331
In base 13, what is -121 + -3?
-124
In base 5, what is -141 + -3?
-144
In base 10, what is -65891 + 1?
-65890
In base 6, what is 2 - -125?
131
In base 16, what is 146 - 2?
144
In base 14, what is 45 - 4?
41
In base 10, what is -107 + 3?
-104
In base 6, what is 3 + 12332?
12335
In base 14, what is -a - 1?
-b
In base 7, what is -6063 + 4?
-6056
In base 16, what is d - -4?
11
In base 13, what is 2 + -21?
-1c
In base 8, what is 4 + 2202?
2206
In base 3, what is -11 + 220101?
220020
In base 11, what is -3 + -199?
-1a1
In base 6, what is 3 - -212?
215
In base 12, what is -5b0 + 8?
-5a4
In base 9, what is 16727 + -5?
16722
In base 16, what is -f + -11?
-20
In base 11, what is -5 - 83?
-88
In base 9, what is 310 - -5?
315
In base 10, what is 5 + 512?
517
In base 10, what is -13971 - 1?
-13972
In base 12, what is -4 - 73?
-77
In base 15, what is 21a - -2?
21c
In base 6, what is -40 + 3?
-33
In base 7, what is -16 - -2003?
1654
In base 16, what is 0 - -60c?
60c
In base 12, what is 1719 + -4?
1715
In base 8, what is 1 + 6?
7
In base 11, what is -149 + 3?
-146
In base 14, what is 7d - 2?
7b
In base 13, what is -8bb + -1?
-8bc
In base 11, what is -1652a - -5?
-16525
In base 15, what is -1 - -4c1?
4c0
In base 15, what is 1e - -3?
22
In base 2, what is -11100011 - 11?
-11100110
In base 2, what is -100000 + 100?
-11100
In base 9, what is -42 + -4?
-46
In base 2, what is 1 + -11000010010?
-11000010001
In base 12, what is -2 + -1?
-3
In base 4, what is -12011 - 3?
-12020
In base 3, what is -102201 - -1?
-102200
In base 7, what is -1 - 103?
-104
In base 7, what is 160 + 33?
223
In base 11, what is -144 - -3a?
-105
In base 12, what is -10 + -113?
-123
In base 13, what is 147 - -28?
172
In base 11, what is -4 - 2499?
-24a2
In base 12, what is 19 - a?
b
In base 7, what is -433660 + 3?
-433654
In base 10, what is 2833 + -1?
2832
In base 9, what is 1 - -20?
21
In base 10, what is 11 + 43?
54
In base 3, what is 1120100 - 2?
1120021
In base 16, what is f + -1b0?
-1a1
In base 13, what is 56 - -2?
58
In base 11, what is 176 + a?
185
In base 10, what is -3 + -1418?
-1421
In base 9, what is 3 + -817?
-814
In base 4, what is -1230 - 201?
-2031
In base 10, what is 4 - 2074?
-2070
In base 4, what is 2 - -1311?
1313
In base 16, what is b - c5?
-ba
In base 5, what is -33 - -131?
43
In base 3, what is 1 + -1210?
-1202
In base 8, what is -3 - -774?
771
In base 11, what is 2 - -117?
119
In base 3, what is 111 - 2112?
-2001
In base 5, what is -341 - 2?
-343
In base 3, what is -101 - 2212221?
-2220022
In base 14, what is -2a + 15?
-15
In base 5, what is -102 + -1?
-103
In base 5, what is -1 + -232423?
-232424
In base 2, what is 0 + -1010?
-1010
In base 14, what is 516 + -1?
515
In base 14,